et g(i) = -17*i**2 + 7*i - 9. Let p be g(3). Let r be 1*10*1/2. Let f be (-5)/25 - p/r. Calculate the highest common factor of f and 4.
4
Let h = 1145 + -1131. What is the greatest common divisor of 112 and h?
14
Let f be 7 - (5 - 1) - -3. Let m(l) = l**3 - 16*l**2 + 2*l - 23. Let w be m(16). Calculate the highest common factor of f and w.
3
Suppose -7*o + 311 + 4 = 0. What is the greatest common factor of 195 and o?
15
Suppose 67*f = 1024 + 1790. Calculate the highest common divisor of f and 96.
6
Suppose 0 = -169*y + 172*y - 42. Let w = 238 + -126. What is the greatest common factor of y and w?
14
Let d(f) = -2*f**2 + 22*f + 5. Let y be d(5). What is the highest common divisor of y and 5?
5
Suppose u + 24 = -2*u. Let i be (-1)/((-4)/(-48)*-1). Let g be i/u*2 - -10. What is the greatest common divisor of 7 and g?
7
Let p = 25 - 159. Let w = 216 + p. Suppose 0*b + 72 = 5*b - 4*r, -r + w = 5*b. What is the highest common factor of 32 and b?
16
Let z = 40 + -37. Suppose 44 = z*t - 4*j, -2*j - 18 = -0*t - t. Calculate the highest common factor of 1 and t.
1
Let n(y) = -4*y**2 + 118*y + 16. Let v be n(29). What is the highest common divisor of 1702 and v?
74
Let n(j) be the first derivative of -j**4/4 - j**2/2 + 6*j - 15. Let b be n(0). Calculate the greatest common factor of 18 and b.
6
Let q(v) = 6*v + 107. Let o be q(3). What is the greatest common factor of 150 and o?
25
Let l(a) = -a**2 - 12*a + 12. Let c be l(-10). What is the highest common factor of c and 32?
32
Let p = 384 - 1414. Let i be (-10)/15 - p/6. Calculate the highest common factor of 19 and i.
19
Suppose -4*g + 21 = 1. Suppose g*b + 217 = 2*o, -o - o = -3*b - 207. Let x = o - 65. Calculate the greatest common divisor of x and 248.
31
Let g be (-2 + -1)/((-30)/160). Let u be 6/(-15) - 1414/(-35). What is the highest common factor of g and u?
8
Let z(r) = -r**3 - 9*r**2 + 10*r + 4. Let i = 21 + -31. Let y be z(i). Let f(n) = -15*n + 2. Let o be f(-2). Calculate the highest common factor of y and o.
4
Suppose 0 = 63*w - 62*w - 20. Calculate the highest common divisor of w and 10.
10
Suppose 8*b - 442 = 734. Let x(k) = -3*k - 18. Let p be x(-13). What is the highest common factor of b and p?
21
Suppose 0 = 20*t - 4659 + 1159. What is the highest common factor of t and 7?
7
Let u be (5 - 7) + (0 - -43). Suppose -2*i + u = -1. Let p = 114 + i. Calculate the highest common divisor of 15 and p.
15
Suppose 3*r + 4*k + k - 695 = 0, 3*r = -k + 679. Suppose 4*i - 124 = 5*x - 39, -x = i - 28. Calculate the greatest common factor of r and i.
25
Suppose -4*a + 9*a = -10, 5*d - 5*a + 40 = 0. Let u be (-2)/5 - (-6)/d. Let g be ((1 - 2) + u)*-22. What is the greatest common divisor of 110 and g?
22
Let x(n) = 2*n - 9. Let t be x(7). Let r = 45 + -55. Let f be 4/r - (-27)/t. What is the greatest common factor of 20 and f?
5
Suppose 2*p + 44 = 3*s, 58*p = -2*s + 59*p + 30. Calculate the highest common factor of s and 16.
16
Suppose -380 = 218*a - 223*a. Let x = a - 47. Let v be 2/(-1) + (-410)/(-2). Calculate the greatest common factor of v and x.
29
Let u = 205 + -155. What is the greatest common divisor of u and 100?
50
Suppose -3*b - 7 = -16, 42 = 5*r - b. Let p = -27 - -23. Let w be 728/16 + 2/p. What is the highest common factor of w and r?
9
Let a be (0 - -1)*(5 + 7 + -3). Let j = 11 - a. Calculate the highest common factor of 6 and j.
2
Let p be (12/21)/((-19)/(-94031)). What is the highest common factor of p and 28?
28
Let p = 2465 - 2345. Calculate the highest common factor of p and 324.
12
Suppose 5*o - 2*u = 2 - 10, 5*u = 2*o + 20. Suppose -4*d - 96 = -2*l, 5*l + o*l = 5*d + 220. What is the highest common factor of 30 and l?
10
Let t be 3/(1 - 2/8). Let x = t - -11. Suppose -5*c + 65 + 10 = 0. What is the greatest common factor of x and c?
15
Let t = 2106 + -2098. What is the greatest common divisor of t and 72?
8
Let k(h) = h**3 - 2*h**2 - 3*h. Let b be k(4). Let i(d) = -12*d + 123. Let a be i(9). Calculate the highest common factor of b and a.
5
Suppose 2*u - d = 1, -d + 2*d - 8 = -u. Suppose 0 = -3*v + 6*c - 8*c + 52, 4*v + u*c = 70. What is the greatest common factor of v and 4?
4
Let z = 35 + -32. Suppose -2*u + z*u = 28. Calculate the highest common factor of 2 and u.
2
Let t = -11 + 13. Let d(z) = -z**2 + 6*z - 4. Let c be d(t). What is the greatest common factor of 16 and c?
4
Let s = -105 - -108. Let p(c) = 3*c**2 + 5*c + 5. Let v be p(-4). What is the highest common divisor of s and v?
3
Let o be (8/(-5))/((-6)/75). Let g(b) = -b**3 - 6*b**2. Let k be g(-7). Let x = k + -29. Calculate the greatest common factor of x and o.
20
Let z = 156 - 122. Calculate the highest common divisor of 255 and z.
17
Let d be 3/(48/104)*10. Calculate the greatest common divisor of d and 52.
13
Suppose 0 = f + 7*n - 72, -f + 5*n - 2 - 22 = 0. Let y(s) = s**2 + s + 64. Let v be y(0). What is the highest common divisor of v and f?
16
Let l(c) = -19*c + 38*c + 6*c**3 + 4 - c**2 - 23*c. Let y be l(2). What is the greatest common factor of y and 16?
8
Let n(p) = p**2 - p - 1. Let k be n(-1). Let w(z) = -z**3 - 8*z**2 - 3*z + 30. Let l be w(-7). Calculate the highest common factor of k and l.
1
Let r(b) = b**3 - 9*b**2 - 11*b + 2. Let z be r(10). Let w be (0 + (-1)/4)*z. Let q be 34/w - (5 - 4). Calculate the highest common factor of q and 80.
16
Let l(o) = 14*o + 55. Let i be l(2). Calculate the greatest common divisor of 747 and i.
83
Let u(x) = -3*x**3 + x**2 + 3*x + 1. Let n be u(-1). Let h be (160/(-3))/(n/(-6)). Calculate the greatest common factor of h and 32.
32
Let h be (614/(-8))/(2/(-8)). Suppose -919 = -3*i + 5*x, -3*i + 2*i + h = -x. Suppose -5*g = -9*g + 112. What is the highest common factor of i and g?
28
Suppose -2*d + 36 = -4*v, -24 = -d - 3*v + 7*v. Let o be (80/(-12))/((-4)/d). Calculate the highest common factor of o and 100.
20
Suppose 2 = -t + 36. Let z = 60 + t. Calculate the highest common divisor of 235 and z.
47
Let w(q) = q**3 - 8*q**2 + 13*q - 1. Let t be w(6). Let m(o) = o + 22. Let j be m(t). What is the greatest common divisor of j and 243?
27
Suppose 0 = 4*v - s - 2020, 19*v - 22*v - 3*s = -1500. Calculate the highest common divisor of v and 63.
63
Let m = -33 + 36. Suppose 7*t - 2*t = -5, -m*b + 156 = 3*t. Let l = b - 32. What is the highest common divisor of l and 14?
7
Let v = 14 - -85. Calculate the highest common divisor of 55 and v.
11
Suppose -6*c + 60 = -114. Suppose -92 = 4*v - 0*v. Let h = c + v. What is the highest common factor of h and 4?
2
Suppose -4*x = -5*p + 4, -3*p = -p - 2*x - 2. Let l be -3 + (-15)/3*(p - 47). What is the greatest common divisor of 29 and l?
29
Suppose 23 = 7*o - 89. Suppose d + 4*h = o, 5*d + 58 = 7*d - 5*h. Calculate the highest common divisor of d and 216.
24
Suppose -14*i = -31*i. Suppose i = -5*z + 5*t + 35, 12 - 48 = -3*z - 2*t. Let y be (-30)/8*-8*1. What is the highest common divisor of y and z?
10
Let t(w) = -w**2 - 11*w - 22. Let p(d) = 2*d - 53. Let c be p(23). Let m be t(c). Calculate the highest common divisor of m and 6.
6
Let o be ((-9)/((-108)/(-768)))/((-6)/15). Calculate the greatest common divisor of 864 and o.
32
Let y(o) be the second derivative of o**4/6 - 9*o**2 + 27*o. Let m be y(-9). What is the highest common factor of 18 and m?
18
Suppose 85*i - 86*i + 4*d + 57 = 0, -246 = -3*i - 3*d. Calculate the highest common divisor of 22 and i.
11
Let k be -2*(-138)/4 + -3. What is the greatest common divisor of k and 858?
66
Let k(y) = -y**3 + 5*y**2 - 2*y + 6. Let t be k(5). Let n be (-8)/6*(-78)/t. Let b be n/(1*(-1 + 0)). What is the greatest common factor of b and 65?
13
Suppose 0 = 200*f - 204*f - 5*n + 48, 0 = -3*n. What is the greatest common factor of f and 100?
4
Suppose -85 = -4*a + 15. Let r be (-10)/(-6) - 8/(-6). Suppose -759 = -r*d - 3*l, -4*l + 262 = -3*d + 4*d. What is the greatest common divisor of a and d?
25
Let b(c) = 68*c - 396. Let i be b(6). Let h = 152 + -56. Calculate the greatest common factor of i and h.
12
Suppose -4*f = y - 44, -4*f + 2 = -2. What is the highest common divisor of y and 32?
8
Let s be (40 - -4) + -4*(1 - 2). Calculate the highest common factor of 132 and s.
12
Suppose 0*g + 4*m - 74 = -g, -5*g + 470 = -5*m. Let y = 160 - g. What is the highest common factor of 28 and y